424
What is -201202 (base 3) in base 10?
-533
Convert -38ab (base 13) to base 14.
-2d36
What is 133133 (base 4) in base 3?
2202122
-1dea (base 15) to base 8
-14570
-101101002 (base 3) to base 9
-11332
Convert -5310 (base 6) to base 7.
-3324
Convert 10450 (base 6) to base 7.
4200
What is 18b9 (base 14) in base 6?
32415
Convert 258 (base 14) to base 10.
470
Convert 18aa (base 12) to base 3.
11010111
56604 (base 7) to base 4
3200121
a5b9 (base 12) to base 2
100011011011101
Convert -7a0a (base 12) to base 3.
-200120201
Convert 6845 (base 10) to base 4.
1222331
What is 20003 (base 4) in base 2?
1000000011
Convert 11546 (base 7) to base 2.
101111001111
What is -48a8 (base 12) in base 5?
-230232
What is 124005 (base 6) in base 13?
5165
What is -1679a (base 11) in base 10?
-23583
241113 (base 5) to base 7
34654
Convert 2323 (base 5) to base 9.
415
What is 3012 (base 6) in base 4?
22100
Convert 31264 (base 7) to base 4.
1320022
-60006 (base 7) to base 15
-440c
Convert 5009 (base 11) to base 12.
3a34
-27aa8 (base 11) to base 15
-bc6c
What is -421322 (base 5) in base 6?
-144350
-1000101000 (base 2) to base 13
-336
-100832 (base 9) to base 4
-32211032
22232 (base 4) to base 10
686
What is 32256 (base 9) in base 10?
21354
What is 1220101 (base 3) in base 8?
2553
What is 2275 (base 8) in base 15?
55d
What is -32432 (base 6) in base 4?
-1012010
Convert 581 (base 9) to base 3.
122201
Convert -24657 (base 8) to base 5.
-320141
What is 9001 (base 13) in base 10?
19774
What is 5606 (base 7) in base 5?
31030
-10011110110101110 (base 2) to base 9
-133502
Convert -112030 (base 4) to base 15.
-64a
What is -102002 (base 3) in base 13?
-1a0
-56556 (base 9) to base 8
-111403
Convert 356 (base 12) to base 8.
762
Convert -12320 (base 9) to base 10.
-8280
What is 1011000111111 (base 2) in base 8?
13077
-10202121 (base 3) to base 2
-101010110111
Convert 2d7 (base 14) to base 11.
489
Convert -21 (base 10) to base 8.
-25
-13100 (base 12) to base 16
-65d0
-537 (base 13) to base 9
-1200
233244 (base 6) to base 10
20188
-150571 (base 8) to base 10
-53625
Convert -302 (base 7) to base 15.
-9e
What is -730 (base 9) in base 8?
-1122
2638 (base 9) to base 3
2201022
What is -5723 (base 10) in base 16?
-165b
458 (base 11) to base 7
1411
What is -111212 (base 6) in base 15?
-2b98
-203234 (base 5) to base 11
-5036
What is 3788 (base 11) in base 13?
2329
Convert -3544 (base 14) to base 9.
-13642
-112224 (base 5) to base 2
-111111100000
Convert -8e24 (base 15) to base 7.
-154000
What is -40a (base 13) in base 3?
-221102
Convert 2233102 (base 4) to base 15.
34cd
What is -253 (base 10) in base 3?
-100101
What is -6873 (base 13) in base 7?
-60435
What is 12d (base 15) in base 14?
152
What is 221312 (base 4) in base 11?
2015
What is -35003 (base 7) in base 3?
-110020102
Convert 1319 (base 10) to base 15.
5ce
What is 202 (base 5) in base 10?
52
What is 13514 (base 6) in base 14?
ac6
What is -1133203 (base 4) in base 13?
-2a25
-1228 (base 9) to base 16
-395
-1011210 (base 5) to base 11
-11387
-443 (base 7) to base 6
-1015
What is 39d (base 15) in base 10?
823
What is -22f1 (base 16) in base 13?
-40c1
Convert -24773 (base 9) to base 6.
-205103
What is 1760 (base 8) in base 6?
4400
What is 412 (base 9) in base 15?
175
Convert 88 (base 12) to base 8.
150
Convert -1428 (base 10) to base 16.
-594
1051 (base 6) to base 15
117
Convert 14639 (base 11) to base 16.
50fd
-1c73 (base 14) to base 8
-12115
What is 4333 (base 5) in base 12?
415
Convert -2003212 (base 4) to base 11.
-6367
-432110 (base 5) to base 8
-34477
Convert -4348 (base 13) to base 16.
-248b
What is -22341 (base 5) in base 3?
-2012010
-376 (base 15) to base 7
-2202
Convert 233101 (base 5) to base 12.
4b26
What is -26d (base 14) in base 12?
-349
What is -99c0 (base 14) in base 3?
-1100112020
What is 2ad7 (base 15) in base 16?
23f2
What is 101231 (base 4) in base 13?
692
What is -1202213 (base 4) in base 2?
-1100010100111
What is 9af (base 16) in base 9?
3354
What is 100100010000000 (base 2) in base 12?
a8a8
What is -3284 (base 13) in base 14?
-27c9
430b (base 16) to base 4
10030023
What is 0 (base 13) in base 2?
0
What is -553 (base 15) in base 9?
-1576
12022011 (base 3) to base 6
25521
4863 (base 9) to base 4
320211
What is 54354 (base 6) in base 2?
1110100111110
1437 (base 10) to base 8
2635
Convert -607 (base 14) to base 6.
-5251
What is -101111011 (base 2) in base 4?
-11323
What is 10202220 (base 3) in base 15?
c36
356 (base 16) to base 12
5b2
What is 2436 (base 7) in base 9?
1220
Convert -576 (base 14) to base 15.
-4c4
-3160 (base 8) to base 5
-23043
Convert -656 (base 8) to base 7.
-1153
Convert 28281 (base 12) to base 9.
84337
1000001011000011 (base 2) to base 11
23172
Convert 2953 (base 15) to base 6.
104553
Convert 1002101 (base 3) to base 10.
793
What is 487 (base 16) in base 12?
807
Convert 1146 (base 7) to base 8.
652
Convert -5857 (base 12) to base 5.
-303414
102221210 (base 3) to base 15
28b0
-670 (base 16) to base 5
-23043
What is -100111001101 (base 2) in base 13?
-11b0
What is -56509 (base 11) in base 7?
-460333
What is 3666 (base 12) in base 6?
44210
14042 (base 6) to base 11
1708
Convert -2842 (base 10) to base 7.
-11200
What is 3cf (base 16) in base 11?
807
What is -30540 (base 9) in base 3?
-1000121100
18746 (base 9) to base 8
31312
What is -32124 (base 5) in base 12?
-1304
Convert 3143 (base 6) to base 4.
23013
304433 (base 5) to base 7
41064
What is 100100100110111 (base 2) in base 5?
1044433
-4066 (base 7) to base 2
-10110001100
-362 (base 14) to base 12
-482
What is -898 (base 12) in base 7?
-3461
-656d (base 16) to base 7
-135462
What is -27020 (base 11) in base 2?
-1001011011011101
-811 (base 15) to base 6
-12224
101010001 (base 2) to base 8
521
-1b6 (base 13) to base 11
-26a
Convert -4741 (base 8) to base 3.
-10110200
Convert 4014 (base 6) to base 16.
36a
What is -46842 (base 10) in base 6?
-1000510
Convert -a1 (base 15) to base 16.
-97
7814 (base 9) to base 3
21220111
What is -3083 (base 13) in base 5?
-203243
-11a1 (base 11) to base 4
-120123
29c1 (base 15) to base 8
21374
What is -684a (base 13) in base 4?
-3210010
2222011 (base 3) to base 15
994
What is -1c32 (base 14) in base 15?
-17ca
What is -251 (base 9) in base 14?
-10c
Convert 21424 (base 8) to base 9.
13277
Convert -2022010 (base 3) to base 14.
-87b
-394 (base 10) to base 13
-244
What is -2220110021 (base 3) in base 9?
-86407
-5208 (base 14) to base 6
-145212
-10b04 (base 13) to base 6
-352504
Convert -3783 (base 13) to base 5.
-223011
Convert 1879 (base 11) to base 12.
1469
What is -1345 (base 8) in base 4?
-23211
1010111001 (base 2) to base 5
10242
Convert -14623 (base 8) to base 12.
-3957
Convert -777c (base 16) to base 2.
-111011101111100
Convert -49 (base 16) to base 13.
-58
Convert -1210 (base 8) to base 16.
-288
102234 (base 5) to base 6
23540
What is -1413 (base 5) in base 8?
-351
Convert -13b (base 13) to base 8.
-333
23e (base 15) to base 8
775
-13642 (base 8) to base 12
-3602
What is 101333 (base 4) in base 9?
1518
-4414 (base 14) to base 5
-334103
-14a (base 13) to base 5
-1411
Convert -135 (base 12) to base 6.
-505
-6d5 (base 15) to base 4
-120032
-120222002 (base 3) to base 5
-333024
What is 10446 (base 8) in base 7?
15541
-21202 (base 5) to base 11
-1088
What is 20a0a (base 11) in base 10?
30502
144240 (base 6) to base 15
41d0
1031 (base 11) to base 14
6d7
What is -13d (base 14) in base 9?
-308
Convert b5 (base 14) to base 3.
12220
Convert -102220 (base 3) to base 10.
-321
Convert 3028 (base 13) to base 5.
203000
Convert -145 (base 10) to base 13.
-b2
Convert -1000002 (base 4) to base 16.
-1002
Convert 11b1 (base 12) to base 11.
1563
Convert -11001 (base 5) to base 8.
-1357
What is -1101101010111 (base 2) in base 6?
-52223
What is 5323 (base 8) in base 6?
20455
-dab3 (base 15) to base 12
-22959
-1330 (base 6) to base 4
-11112
-51004 (base 6) to base 9
-10164
What is 231241 (base 5) in base 15?
26eb
Convert -1731 (base 15) to base 4.
-1032010
What is 145 (base 13) in base 3?
22101
20112 (base 5) to base 3
1202111
Convert -196 (base 12) to base 16.
-102
Convert -1333123 (base 4) to base 10.
-8155
What is 3024 (base 6) in base 3?
220121
1011010011001101 (base 2) to base 11
31858
1918 (base 10) to base 16
77e
30300 (base 4) to base 9
